{"id":22,"date":"2024-01-04T23:24:50","date_gmt":"2024-01-04T22:24:50","guid":{"rendered":"https:\/\/rollinnove.com\/?page_id=22"},"modified":"2024-01-12T15:04:57","modified_gmt":"2024-01-12T14:04:57","slug":"le-concept","status":"publish","type":"page","link":"https:\/\/www.rollinnove.com\/index.php\/le-concept\/","title":{"rendered":"Le concept"},"content":{"rendered":"\n<p class=\"has-custom-couleur-3-color has-text-color has-link-color wp-elements-590bf7600c9777e2a50ab28619c1d690\">C&rsquo;est en constatant l\u2019inconfort et les manques de facilit\u00e9 d\u2019emplois des fauteuils roulants \u00e0 grande roue que Rollinnove a cr\u00e9e un fauteuil qui pr\u00e9sente de nombreux avantages :<\/p>\n\n\n\n<ul class=\"wp-block-list\">\n<li>Remplacement de la grande roue arri\u00e8re du fauteuil par une petite roue entrain\u00e9e \u00e0 distance par un volant fix\u00e9 au ch\u00e2ssis qui permet le r\u00e9glage en hauteur pour \u00eatre adapt\u00e9 \u00e0 la morphologie de l\u2019utilisateur. Ce syst\u00e8me d\u2019entrainement de la roue arri\u00e8re par le volant permet une d\u00e9multiplication de l\u2019effort pour assurer le d\u00e9placement<\/li>\n\n\n\n<li>Le dispositif de la roue arri\u00e8re motrice permet de positionner sur les diff\u00e9rents ch\u00e2ssis une position du volant la plus confortable pour l\u2019utilisateur<\/li>\n\n\n\n<li>Le fait que la roue motrice arri\u00e8re ne soit pas en contact avec la main de l\u2019utilisateur, cela \u00e9vite \u00e0 celui-ci \u00e0 entrer en contact avec les distances ou mati\u00e8res.<\/li>\n\n\n\n<li>La r\u00e9tropulsion de l\u2019\u00e9paule n\u2019est plus n\u00e9cessaire pour actionner la roue arri\u00e8re motrice.<\/li>\n\n\n\n<li>Le transfert du patient entre l\u2019assise et une chaise, une table, un lit est grandement facilit\u00e9 car le glissement n\u2019est plus emp\u00each\u00e9 par la grande roue.<\/li>\n<\/ul>\n\n\n\n<p><\/p>\n","protected":false},"excerpt":{"rendered":"<p>C&rsquo;est en constatant l\u2019inconfort et les manques de facilit\u00e9 d\u2019emplois des fauteuils roulants \u00e0 grande roue que Rollinnove a cr\u00e9e un fauteuil qui pr\u00e9sente de nombreux avantages :<\/p>\n","protected":false},"author":1,"featured_media":42,"parent":0,"menu_order":0,"comment_status":"closed","ping_status":"closed","template":"","meta":{"footnotes":""},"class_list":["post-22","page","type-page","status-publish","has-post-thumbnail","hentry"],"_links":{"self":[{"href":"https:\/\/www.rollinnove.com\/index.php\/wp-json\/wp\/v2\/pages\/22","targetHints":{"allow":["GET"]}}],"collection":[{"href":"https:\/\/www.rollinnove.com\/index.php\/wp-json\/wp\/v2\/pages"}],"about":[{"href":"https:\/\/www.rollinnove.com\/index.php\/wp-json\/wp\/v2\/types\/page"}],"author":[{"embeddable":true,"href":"https:\/\/www.rollinnove.com\/index.php\/wp-json\/wp\/v2\/users\/1"}],"replies":[{"embeddable":true,"href":"https:\/\/www.rollinnove.com\/index.php\/wp-json\/wp\/v2\/comments?post=22"}],"version-history":[{"count":6,"href":"https:\/\/www.rollinnove.com\/index.php\/wp-json\/wp\/v2\/pages\/22\/revisions"}],"predecessor-version":[{"id":72,"href":"https:\/\/www.rollinnove.com\/index.php\/wp-json\/wp\/v2\/pages\/22\/revisions\/72"}],"wp:featuredmedia":[{"embeddable":true,"href":"https:\/\/www.rollinnove.com\/index.php\/wp-json\/wp\/v2\/media\/42"}],"wp:attachment":[{"href":"https:\/\/www.rollinnove.com\/index.php\/wp-json\/wp\/v2\/media?parent=22"}],"curies":[{"name":"wp","href":"https:\/\/api.w.org\/{rel}","templated":true}]}}